{"id":136,"date":"2023-07-15T15:01:35","date_gmt":"2023-07-15T15:01:35","guid":{"rendered":"https:\/\/apostolodaeucaristia.pt\/?page_id=136"},"modified":"2024-02-09T18:27:08","modified_gmt":"2024-02-09T18:27:08","slug":"causa","status":"publish","type":"page","link":"https:\/\/apostolodaeucaristia.pt\/index.php\/causa\/","title":{"rendered":"Causa"},"content":{"rendered":"<div id='full_slider_1'  class='avia-fullwidth-slider main_color avia-shadow   avia-builder-el-0  el_before_av_codeblock  avia-builder-el-first   container_wrap fullsize'  ><div  class='avia-slideshow av-lsaj804j-17c5a451d5bd57b4d5e8073105198fb0 avia-slideshow-featured av_slideshow_full avia-slide-slider av-slideshow-ui av-control-default av-slideshow-manual av-loop-once av-loop-manual-endless av-default-height-applied   avia-slideshow-1' data-slideshow-options=\"{&quot;animation&quot;:&quot;slide&quot;,&quot;autoplay&quot;:false,&quot;loop_autoplay&quot;:&quot;once&quot;,&quot;interval&quot;:5,&quot;loop_manual&quot;:&quot;manual-endless&quot;,&quot;autoplay_stopper&quot;:false,&quot;noNavigation&quot;:false,&quot;bg_slider&quot;:false,&quot;keep_padding&quot;:false,&quot;hoverpause&quot;:false,&quot;show_slide_delay&quot;:0}\"  itemprop=\"image\" itemscope=\"itemscope\" itemtype=\"https:\/\/schema.org\/ImageObject\" ><ul class='avia-slideshow-inner ' style='padding-bottom: 16.666666666667%;'><li  class='avia-slideshow-slide av-lsaj804j-17c5a451d5bd57b4d5e8073105198fb0__0  av-single-slide slide-1 slide-odd'><div data-rel='slideshow-1' class='avia-slide-wrap '   ><img decoding=\"async\" class=\"wp-image-860 avia-img-lazy-loading-not-860\"  src=\"https:\/\/apostolodaeucaristia.pt\/wp-content\/uploads\/2024\/02\/IMG-BANNER_final2-1500x250.png\" width=\"1500\" height=\"250\" title='IMG-BANNER_final2' alt=''  itemprop=\"thumbnailUrl\"   \/><\/div><\/li><\/ul><\/div><\/div><div id='after_full_slider_1'  class='main_color av_default_container_wrap container_wrap fullsize'  ><div class='container av-section-cont-open' ><div class='template-page content  av-content-full alpha units'><div class='post-entry post-entry-type-page post-entry-136'><div class='entry-content-wrapper clearfix'>\n\n\n<style type=\"text\/css\" data-created_by=\"avia_inline_auto\" id=\"style-css-av-loxa4btg-cee2726c5a3e45d5485a233774e8072c\">\n#top .hr.hr-invisible.av-loxa4btg-cee2726c5a3e45d5485a233774e8072c{\nheight:25px;\n}\n<\/style>\n<div  class='hr av-loxa4btg-cee2726c5a3e45d5485a233774e8072c hr-invisible  avia-builder-el-2  el_after_av_codeblock  el_before_av_textblock '><span class='hr-inner '><span class=\"hr-inner-style\"><\/span><\/span><\/div>\n\n<style type=\"text\/css\" data-created_by=\"avia_inline_auto\" id=\"style-css-av-loxa5g0g-29b59b2e0690bcd94cc10789355c59cc\">\n#top .av_textblock_section.av-loxa5g0g-29b59b2e0690bcd94cc10789355c59cc .avia_textblock{\nfont-size:25px;\ncolor:#9b7550;\n}\n<\/style>\n<section  class='av_textblock_section av-loxa5g0g-29b59b2e0690bcd94cc10789355c59cc'  itemscope=\"itemscope\" itemtype=\"https:\/\/schema.org\/CreativeWork\" ><div class='avia_textblock av_inherit_color'  itemprop=\"text\" ><p>CAUSA<\/p>\n<div id=\"gtx-trans\" style=\"position: absolute; left: 9px; top: -12.4062px;\">\n<div class=\"gtx-trans-icon\"><\/div>\n<\/div>\n<\/div><\/section>\n\n<style type=\"text\/css\" data-created_by=\"avia_inline_auto\" id=\"style-css-av-loxa5s60-8e3c4dba52f73b59d763bf275023e8a0\">\n#top .av_textblock_section.av-loxa5s60-8e3c4dba52f73b59d763bf275023e8a0 .avia_textblock{\ncolor:#563a2a;\n}\n<\/style>\n<section  class='av_textblock_section av-loxa5s60-8e3c4dba52f73b59d763bf275023e8a0'  itemscope=\"itemscope\" itemtype=\"https:\/\/schema.org\/CreativeWork\" ><div class='avia_textblock av_inherit_color'  itemprop=\"text\" ><p><strong>O processo do Servo de Deus Padre Ab\u00edlio Gomes Correia<\/strong><\/p>\n<\/div><\/section>\n<section  class='av_textblock_section av-loxa9z1f-fe53331c978f9b14695ec9bcc2eb102f'  itemscope=\"itemscope\" itemtype=\"https:\/\/schema.org\/CreativeWork\" ><div class='avia_textblock'  itemprop=\"text\" ><p>A Postula\u00e7\u00e3o da causa de Beatifica\u00e7\u00e3o e Canoniza\u00e7\u00e3o do Servo de Deus Padre Ab\u00edlio Gomes Correia (1882-1967) tem a alegria de saudar e dar as boas-vindas a todos os devotos do Servo de Deus que agora acedem ao seu novo site com o sugestivo t\u00edtulo de \u201capostolodaeucaristia.pt\u201d.<\/p>\n<p>A santidade n\u00e3o existe sem a Eucaristia e esta \u00e9 a fonte e o centro de toda a vida crist\u00e3 como nos recordou o Conc\u00edlio Vaticano II e o magist\u00e9rio da Igreja. Por isso, toda a santidade na Igreja \u00e9 eucar\u00edstica e o nosso Servo de Deus, Padre Ab\u00edlio Gomes Correia (1882-1967), tinha disso perfeita consci\u00eancia porque ele \u00e9, a t\u00edtulo pleno, <em>um grande ap\u00f3stolo da Eucaristia.<\/em><\/p>\n<p>O Dicast\u00e9rio das Causa dos Santos, em Roma, aprovou juridicamente, no in\u00edcio do ano 2022, o processo organizado na Arquidiocese de Braga para a beatifica\u00e7\u00e3o e canoniza\u00e7\u00e3o do Servo de Deus Padre Ab\u00edlio, p\u00e1roco de S\u00e3o Mamede d\u2019Este. Isto significa, antes de mais, que a causa entrou j\u00e1, formalmente, na fase romana, depois de ter conhecido uma longa, \u00e1rdua e muito compensadora fase diocesana, iniciada em 29 de Setembro de 1997.<\/p>\n<p>Apesar da aparente lentid\u00e3o, a f\u00e9 na santidade do Padre Ab\u00edlio e na heroicidade das suas virtudes nunca esmoreceu. Deus tem planos insond\u00e1veis e surpreendentes. Assim, quem sabe se os des\u00edgnios de Deus n\u00e3o quiseram juntar dois eventos maravilhosos no mesmo ano de 2024 e surpreender-nos com o inef\u00e1vel dom da sua declara\u00e7\u00e3o de virtudes heroicas pela Santa S\u00e9 no mesmo ano em que celebramos 100 anos do I Congresso Eucar\u00edstico Nacional que viu o nosso Servo de Deus tao egregiamente empenhado na sua organiza\u00e7\u00e3o, divulga\u00e7\u00e3o e sucesso?<\/p>\n<p>Processualmente as coisas est\u00e3o, assim, em ponto a\u00e7\u00facar: depois de tantos anos a organizar e recolher testemunhos e documenta\u00e7\u00e3o na fase diocesana para suportar a fama de santidade do Servo de Deus (1997-2022) a causa entrou agora na fase decisiva.<\/p>\n<p>O Dicast\u00e9rio considerou que o essencial das provas foi recolhido e agora trata-se de fazer a s\u00edntese de todo o material recolhidos (em v\u00e1rios volumes) e construir uma <em>Positio<\/em> que \u00e9 uma esp\u00e9cie de tese de doutoramento com o essencial da vida, virtudes heroicas, fama de santidade e not\u00edcias de gra\u00e7as e eventuais milagres do Padre Ab\u00edlio Gomes Correia para apresentar a uma complexa e bem organizada m\u00e1quina de estudo que conta com uma Comiss\u00e3o de v\u00e1rios historiadores, outra de Te\u00f3logos e finalmente de Cardeais antes de chegar \u00e0s m\u00e3os do Santo Padre.<\/p>\n<p>Na fase em que se encontra a nossa causa o objetivo \u00e9 preparar tudo para que o Santo Padre, o Papa Francisco, possa reconhecer as virtudes heroicas do Padre Ab\u00edlio e o declarar \u201cVener\u00e1vel\u201d. O que significa isso? Ser \u201cvener\u00e1vel\u201d significa, em palavras pobres, que a Igreja e Deus colocaram o seu selo de garantia e reconheceram que a vida do Servo de Deus Padre Ab\u00edlio tem todas as condi\u00e7\u00f5es para ser apresentado como modelo a ser seguido e ser venerado na Igreja com as honras de beato (beatifica\u00e7\u00e3o) e depois como santo (canoniza\u00e7\u00e3o). \u00c9 o ponto de chegada, antes de ser proclamado \u201cbeato\u201d e depois \u201csanto\u201d.<\/p>\n<p>Naturalmente, a estrada n\u00e3o \u00e9 f\u00e1cil e exige de n\u00f3s, crist\u00e3os e fi\u00e9is devotos do Servo de Deus, muito empenho e muita f\u00e9. Para ser proclamado \u201cbeato\u201d (e assim ter culto diocesano) precisamos de suplicar muito ao Senhor para nos conceder um milagre e depois, para poder ser canonizado, teremos de intensificar ainda mais as nossas ora\u00e7\u00f5es para que o Senhor nos favore\u00e7a com um outro milagre e assim o poder honrar com o culto universal em toda a Igreja como \u201csanto\u201d.<\/p>\n<p>A estrada \u00e9 longa, mas a Deus nada \u00e9 imposs\u00edvel. A equipa de trabalho liderada pela Postula\u00e7\u00e3o e pelo Doutor Paolo Villota, um perito italiano que tem trabalhado muito com causas brasileiras e que percebe muito bem o portugu\u00eas, est\u00e3o muito entusiasmados e dedicados a preparar a <em>Positio<\/em> para que o Dicast\u00e9rio possa depois fazer as suas aprecia\u00e7\u00f5es.<\/p>\n<p>Em todo este processo, todos e cada um de v\u00f3s, queridos paroquianos e devotos do Padre Ab\u00edlio, tendes uma miss\u00e3o fundamental: n\u00e3o esmorecer com a adora\u00e7\u00e3o e devo\u00e7\u00e3o ao Sant\u00edssimo Sacramento, participando e comungando na Divina Eucaristia, pedindo incessantemente, com ora\u00e7\u00f5es e caridade generosa com as despesas da causa, o dom inef\u00e1vel da beatifica\u00e7\u00e3o e canoniza\u00e7\u00e3o do Servo de Deus.<\/p>\n<p>E o Senhor, rico de miseric\u00f3rdia, \u201cH\u00f3spede Divino da minha alma\u201d, como dizia o Servo de Deus, aben\u00e7oar\u00e1 as vossas fam\u00edlias e cada um de v\u00f3s em particular. Que assim seja!<\/p>\n<p>Roma, Mem\u00f3ria de S\u00e3o Tom\u00e1s de Aquino, 25 de janeiro de 2024<\/p>\n<\/div><\/section>\n\n<style type=\"text\/css\" data-created_by=\"avia_inline_auto\" id=\"style-css-av-loxa6ijh-e66437c869326757e505427bd216b93d\">\n.avia-image-container.av-loxa6ijh-e66437c869326757e505427bd216b93d img.avia_image{\nbox-shadow:none;\n}\n.avia-image-container.av-loxa6ijh-e66437c869326757e505427bd216b93d .av-image-caption-overlay-center{\ncolor:#ffffff;\n}\n<\/style>\n<div  class='avia-image-container av-loxa6ijh-e66437c869326757e505427bd216b93d av-styling- avia-align-left  avia-builder-el-6  el_after_av_textblock  el_before_av_textblock '   itemprop=\"image\" itemscope=\"itemscope\" itemtype=\"https:\/\/schema.org\/ImageObject\" ><div class=\"avia-image-container-inner\"><div class=\"avia-image-overlay-wrap\"><img decoding=\"async\" class='wp-image-935 avia-img-lazy-loading-not-935 avia_image ' src=\"https:\/\/apostolodaeucaristia.pt\/wp-content\/uploads\/2024\/02\/site-foto-monsenhor-mario.png\" alt='postulador Causa do Postulador' title='site-foto-monsenhor-mario'  height=\"200\" width=\"200\"  itemprop=\"thumbnailUrl\" srcset=\"https:\/\/apostolodaeucaristia.pt\/wp-content\/uploads\/2024\/02\/site-foto-monsenhor-mario.png 200w, https:\/\/apostolodaeucaristia.pt\/wp-content\/uploads\/2024\/02\/site-foto-monsenhor-mario-150x150.png 150w, https:\/\/apostolodaeucaristia.pt\/wp-content\/uploads\/2024\/02\/site-foto-monsenhor-mario-36x36.png 36w, https:\/\/apostolodaeucaristia.pt\/wp-content\/uploads\/2024\/02\/site-foto-monsenhor-mario-180x180.png 180w\" sizes=\"(max-width: 200px) 100vw, 200px\" \/><\/div><\/div><\/div>\n<section  class='av_textblock_section av-loxa69l1-9664b2f44a8e3215d1d51f25cb9f77b4'  itemscope=\"itemscope\" itemtype=\"https:\/\/schema.org\/CreativeWork\" ><div class='avia_textblock'  itemprop=\"text\" ><p><strong><br \/>\nMons. M\u00e1rio Rui Fernandes Leite de Oliveira<\/strong><br \/>\n<em>Postulador<\/em><\/p>\n<div id=\"gtx-trans\" style=\"position: absolute; left: -41px; top: -12.4062px;\">\n<div class=\"gtx-trans-icon\"><\/div>\n<\/div>\n<\/div><\/section>\n","protected":false},"excerpt":{"rendered":"","protected":false},"author":1,"featured_media":0,"parent":0,"menu_order":0,"comment_status":"closed","ping_status":"closed","template":"","meta":{"_monsterinsights_skip_tracking":false,"_monsterinsights_sitenote_active":false,"_monsterinsights_sitenote_note":"","_monsterinsights_sitenote_category":0,"footnotes":""},"aioseo_notices":[],"_links":{"self":[{"href":"https:\/\/apostolodaeucaristia.pt\/index.php\/wp-json\/wp\/v2\/pages\/136"}],"collection":[{"href":"https:\/\/apostolodaeucaristia.pt\/index.php\/wp-json\/wp\/v2\/pages"}],"about":[{"href":"https:\/\/apostolodaeucaristia.pt\/index.php\/wp-json\/wp\/v2\/types\/page"}],"author":[{"embeddable":true,"href":"https:\/\/apostolodaeucaristia.pt\/index.php\/wp-json\/wp\/v2\/users\/1"}],"replies":[{"embeddable":true,"href":"https:\/\/apostolodaeucaristia.pt\/index.php\/wp-json\/wp\/v2\/comments?post=136"}],"version-history":[{"count":54,"href":"https:\/\/apostolodaeucaristia.pt\/index.php\/wp-json\/wp\/v2\/pages\/136\/revisions"}],"predecessor-version":[{"id":937,"href":"https:\/\/apostolodaeucaristia.pt\/index.php\/wp-json\/wp\/v2\/pages\/136\/revisions\/937"}],"wp:attachment":[{"href":"https:\/\/apostolodaeucaristia.pt\/index.php\/wp-json\/wp\/v2\/media?parent=136"}],"curies":[{"name":"wp","href":"https:\/\/api.w.org\/{rel}","templated":true}]}}