{"id":831,"date":"2023-12-21T13:57:24","date_gmt":"2023-12-21T13:57:24","guid":{"rendered":"https:\/\/apostolodaeucaristia.pt\/?page_id=831"},"modified":"2023-12-21T14:43:45","modified_gmt":"2023-12-21T14:43:45","slug":"termos-e-condicoes","status":"publish","type":"page","link":"https:\/\/apostolodaeucaristia.pt\/index.php\/termos-e-condicoes\/","title":{"rendered":"Termos e Condi\u00e7\u00f5es"},"content":{"rendered":"<div id='full_slider_1'  class='avia-fullwidth-slider main_color avia-shadow   avia-builder-el-0  el_before_av_codeblock  avia-builder-el-first   container_wrap fullsize'  ><div  class='avia-slideshow av-lqf9g9fd-059f7bc52355e14d379ce796e6fd881e avia-slideshow-featured av_slideshow_full avia-slide-slider av-slideshow-ui av-control-default av-slideshow-manual av-loop-once av-loop-manual-endless av-default-height-applied   avia-slideshow-1' data-slideshow-options=\"{&quot;animation&quot;:&quot;slide&quot;,&quot;autoplay&quot;:false,&quot;loop_autoplay&quot;:&quot;once&quot;,&quot;interval&quot;:5,&quot;loop_manual&quot;:&quot;manual-endless&quot;,&quot;autoplay_stopper&quot;:false,&quot;noNavigation&quot;:false,&quot;bg_slider&quot;:false,&quot;keep_padding&quot;:false,&quot;hoverpause&quot;:false,&quot;show_slide_delay&quot;:0}\"  itemprop=\"image\" itemscope=\"itemscope\" itemtype=\"https:\/\/schema.org\/ImageObject\" ><ul class='avia-slideshow-inner ' style='padding-bottom: 33.30078125%;'><li  class='avia-slideshow-slide av-lqf9g9fd-059f7bc52355e14d379ce796e6fd881e__0  av-single-slide slide-1 slide-odd'><div data-rel='slideshow-1' class='avia-slide-wrap '   ><img decoding=\"async\" class=\"wp-image-777 avia-img-lazy-loading-not-777\"  src=\"https:\/\/apostolodaeucaristia.pt\/wp-content\/uploads\/2023\/12\/IMG-BANNER_4.png\" width=\"1024\" height=\"341\" title='Famalic\u00e3o, 10\/03\/1998 - Gra\u00e7a Recebida' alt=''  itemprop=\"thumbnailUrl\" srcset=\"https:\/\/apostolodaeucaristia.pt\/wp-content\/uploads\/2023\/12\/IMG-BANNER_4.png 1024w, https:\/\/apostolodaeucaristia.pt\/wp-content\/uploads\/2023\/12\/IMG-BANNER_4-300x100.png 300w, https:\/\/apostolodaeucaristia.pt\/wp-content\/uploads\/2023\/12\/IMG-BANNER_4-768x256.png 768w, https:\/\/apostolodaeucaristia.pt\/wp-content\/uploads\/2023\/12\/IMG-BANNER_4-705x235.png 705w\" sizes=\"(max-width: 1024px) 100vw, 1024px\" \/><\/div><\/li><\/ul><\/div><\/div><div id='after_full_slider_1'  class='main_color av_default_container_wrap container_wrap fullsize'  ><div class='container av-section-cont-open' ><div class='template-page content  av-content-full alpha units'><div class='post-entry post-entry-type-page post-entry-831'><div class='entry-content-wrapper clearfix'>\n\n\n<style type=\"text\/css\" data-created_by=\"avia_inline_auto\" id=\"style-css-av-lqf9h906-a0083ba6f96b6611b1c60a651793d6f6\">\n#top .hr.hr-invisible.av-lqf9h906-a0083ba6f96b6611b1c60a651793d6f6{\nheight:25px;\n}\n<\/style>\n<div  class='hr av-lqf9h906-a0083ba6f96b6611b1c60a651793d6f6 hr-invisible  avia-builder-el-2  el_after_av_codeblock  el_before_av_textblock '><span class='hr-inner '><span class=\"hr-inner-style\"><\/span><\/span><\/div>\n\n<style type=\"text\/css\" data-created_by=\"avia_inline_auto\" id=\"style-css-av-lqf9iwwh-dff54c45b69290d7caccf0a8ffad8836\">\n#top .av_textblock_section.av-lqf9iwwh-dff54c45b69290d7caccf0a8ffad8836 .avia_textblock{\nfont-size:25px;\ncolor:#9b7550;\n}\n<\/style>\n<section  class='av_textblock_section av-lqf9iwwh-dff54c45b69290d7caccf0a8ffad8836'  itemscope=\"itemscope\" itemtype=\"https:\/\/schema.org\/CreativeWork\" ><div class='avia_textblock av_inherit_color'  itemprop=\"text\" ><p><strong>Termos e Condi\u00e7\u00f5es<\/strong><\/p>\n<div id=\"gtx-trans\" style=\"position: absolute; left: 156px; top: -12.4062px;\">\n<div class=\"gtx-trans-icon\"><\/div>\n<\/div>\n<\/div><\/section>\n\n<style type=\"text\/css\" data-created_by=\"avia_inline_auto\" id=\"style-css-av-lqf9lrs1-7e2935825725e12ef6e36a667dd18e1b\">\n#top .av_textblock_section.av-lqf9lrs1-7e2935825725e12ef6e36a667dd18e1b .avia_textblock{\ncolor:#563a2a;\n}\n<\/style>\n<section  class='av_textblock_section av-lqf9lrs1-7e2935825725e12ef6e36a667dd18e1b'  itemscope=\"itemscope\" itemtype=\"https:\/\/schema.org\/CreativeWork\" ><div class='avia_textblock av_inherit_color'  itemprop=\"text\" ><ol>\n<li><strong>Introdu\u00e7\u00e3o<\/strong><\/li>\n<\/ol>\n<p>Bem-vindo ao nosso website. Os presentes termos e condi\u00e7\u00f5es de uso (\u201cTermos e Condi\u00e7\u00f5es\u201d) regem a sua utiliza\u00e7\u00e3o deste website, incluindo todo o conte\u00fado, funcionalidades e servi\u00e7os oferecidos atrav\u00e9s do mesmo (coletivamente, o \u201cWebsite\u201d).<\/p>\n<p>Ao aceder ou utilizar o Website, o utilizador concorda em ficar vinculado pelos presentes Termos e Condi\u00e7\u00f5es. Caso n\u00e3o concorde com os presentes Termos e Condi\u00e7\u00f5es, n\u00e3o deve utilizar o Website.<\/p>\n<ol start=\"2\">\n<li><strong>Altera\u00e7\u00f5es aos Termos e Condi\u00e7\u00f5es<\/strong><\/li>\n<\/ol>\n<p>Reservamo-nos o direito de, a qualquer momento e sem aviso pr\u00e9vio, alterar os presentes Termos e Condi\u00e7\u00f5es. As altera\u00e7\u00f5es entrar\u00e3o em vigor imediatamente ap\u00f3s a publica\u00e7\u00e3o dos Termos e Condi\u00e7\u00f5es atualizados no Website. Ao utilizar o Website ap\u00f3s a publica\u00e7\u00e3o de quaisquer altera\u00e7\u00f5es aos Termos e Condi\u00e7\u00f5es, o utilizador concorda em ficar vinculado pelos Termos e Condi\u00e7\u00f5es atualizados.<\/p>\n<ol start=\"3\">\n<li><strong>Uso do Website<\/strong><\/li>\n<\/ol>\n<p>O utilizador pode utilizar o Website apenas para fins legais e de acordo com os presentes Termos e Condi\u00e7\u00f5es. O utilizador concorda em n\u00e3o utilizar o Website:<\/p>\n<ul>\n<li>De qualquer forma que viole qualquer lei ou regulamento aplic\u00e1vel;<\/li>\n<li>De qualquer forma que possa prejudicar o Website ou o seu desempenho;<\/li>\n<li>Para fins fraudulentos ou enganosos;<\/li>\n<li>Para recolher informa\u00e7\u00f5es de outros utilizadores sem o seu consentimento expresso;<\/li>\n<li>Para transmitir, ou solicitar o envio de, qualquer publicidade n\u00e3o solicitada ou n\u00e3o autorizada ou materiais promocionais, spam ou qualquer outra forma de solicita\u00e7\u00e3o;<\/li>\n<li>Para interferir com o uso e aproveitamento de outras pessoas do Website;<\/li>\n<li>Para enviar, receber, fazer upload, descarregar, utilizar ou reutilizar qualquer material que n\u00e3o cumpra com os presentes Termos e Condi\u00e7\u00f5es;<\/li>\n<li>Para transmitir qualquer v\u00edrus, cavalo de Troia, worm, bomba rel\u00f3gio, ou outros materiais maliciosos ou tecnologicamente prejudiciais;<\/li>\n<li>Para atacar o Website atrav\u00e9s de um ataque de nega\u00e7\u00e3o de servi\u00e7o ou de um ataque de distribui\u00e7\u00e3o de servi\u00e7o;<\/li>\n<li>Para utilizar qualquer t\u00e9cnica de minera\u00e7\u00e3o de dados, \u201cscraping\u201d ou \u201ccrawling\u201d para extrair informa\u00e7\u00f5es do Website.<\/li>\n<\/ul>\n<ol start=\"4\">\n<li><strong>Propriedade Intelectual<\/strong><\/li>\n<\/ol>\n<p>O Website e todo o conte\u00fado e materiais nele inclu\u00eddos, incluindo, sem limita\u00e7\u00e3o, o design, layout, log\u00f3tipos, marcas, texto, imagens, gr\u00e1ficos, software, c\u00f3digos e outros materiais (\u201cConte\u00fado\u201d), s\u00e3o protegidos por direitos de propriedade intelectual e outras leis aplic\u00e1veis.<\/p>\n<p>O utilizador concorda em n\u00e3o reproduzir, distribuir, modificar, criar trabalhos derivados, exibir publicamente, executar publicamente, publicar, transmitir ou explorar de outra forma qualquer parte do Conte\u00fado, exceto conforme expressamente permitido pelo propriet\u00e1rio do Website.<\/p>\n<ol start=\"5\">\n<li><strong>Isen\u00e7\u00e3o de Responsabilidade<\/strong><\/li>\n<\/ol>\n<p>O Website \u00e9 fornecido \u201ctal como est\u00e1\u201d e \u201cconforme dispon\u00edvel\u201d,<\/p>\n<p>sem qualquer garantia de que o Website ou o seu conte\u00fado atender\u00e3o \u00e0s suas necessidades ou expectativas, ou que o seu acesso ao Website ser\u00e1 ininterrupto, sem erros ou seguro.<\/p>\n<p>N\u00e3o somos respons\u00e1veis por quaisquer danos ou preju\u00edzos resultantes do uso ou incapacidade de uso do Website, incluindo, sem limita\u00e7\u00e3o, quaisquer danos diretos, indiretos, incidentais, especiais, consequentes ou punitivos, perda de lucros ou danos similares, mesmo que tenhamos sido informados da possibilidade de tais danos.<\/p>\n<ol start=\"6\">\n<li><strong>Pol\u00edtica de Privacidade<\/strong><\/li>\n<\/ol>\n<p>A utiliza\u00e7\u00e3o do Website est\u00e1 sujeita \u00e0 nossa Pol\u00edtica de Privacidade, que est\u00e1 dispon\u00edvel <a href=\"https:\/\/apostolodaeucaristia.pt\/index.php\/politica-de-privacidade\/\" target=\"_blank\" rel=\"noopener\">link<\/a>. Ao utilizar o Website, o utilizador concorda com a nossa recolha, utiliza\u00e7\u00e3o e divulga\u00e7\u00e3o de informa\u00e7\u00f5es pessoais de acordo com a nossa Pol\u00edtica de Privacidade.<\/p>\n<ol start=\"7\">\n<li><strong>Liga\u00e7\u00e3o a Websites de Terceiros<\/strong><\/li>\n<\/ol>\n<p>O Website pode conter links para websites de terceiros que n\u00e3o s\u00e3o de propriedade ou controlados por n\u00f3s. N\u00e3o somos respons\u00e1veis pelo conte\u00fado, pol\u00edticas de privacidade ou pr\u00e1ticas de quaisquer websites de terceiros. O utilizador reconhece e concorda que n\u00e3o somos respons\u00e1veis por quaisquer danos ou preju\u00edzos resultantes do uso de quaisquer websites de terceiros.<\/p>\n<ol start=\"8\">\n<li><strong>Rescis\u00e3o<\/strong><\/li>\n<\/ol>\n<p>Reservamo-nos o direito de rescindir ou suspender o acesso do utilizador ao Website, sem aviso pr\u00e9vio, por qualquer motivo ou sem motivo algum.<\/p>\n<ol start=\"9\">\n<li><strong>Lei Aplic\u00e1vel e Jurisdi\u00e7\u00e3o<\/strong><\/li>\n<\/ol>\n<p>Os presentes Termos e Condi\u00e7\u00f5es ser\u00e3o regidos e interpretados de acordo com as leis de Portugal, sem dar efeito a qualquer princ\u00edpio de conflito de leis. O utilizador concorda que qualquer disputa decorrente ou relacionada com estes Termos e Condi\u00e7\u00f5es ser\u00e1 resolvida exclusivamente pelos tribunais de Portugal.<\/p>\n<ol start=\"10\">\n<li><strong>Disposi\u00e7\u00f5es Gerais<\/strong><\/li>\n<\/ol>\n<p>Estes Termos e Condi\u00e7\u00f5es constituem o acordo completo entre o utilizador e n\u00f3s em rela\u00e7\u00e3o ao uso do Website e substituem todos os acordos anteriores ou contempor\u00e2neos entre o utilizador e n\u00f3s.<\/p>\n<p>Se qualquer disposi\u00e7\u00e3o destes Termos e Condi\u00e7\u00f5es for considerada inv\u00e1lida ou inexequ\u00edvel por qualquer tribunal competente, as restantes disposi\u00e7\u00f5es destes Termos e Condi\u00e7\u00f5es permanecer\u00e3o em pleno vigor e efeito.<\/p>\n<p>Nossa falha em fazer cumprir qualquer direito ou disposi\u00e7\u00e3o destes Termos e Condi\u00e7\u00f5es n\u00e3o ser\u00e1 considerada uma ren\u00fancia a esses direitos.<\/p>\n<div id=\"gtx-trans\" style=\"position: absolute; left: 624px; top: 1076.38px;\">\n<div class=\"gtx-trans-icon\"><\/div>\n<\/div>\n<\/div><\/section>\n","protected":false},"excerpt":{"rendered":"","protected":false},"author":2,"featured_media":0,"parent":0,"menu_order":0,"comment_status":"closed","ping_status":"closed","template":"","meta":{"_monsterinsights_skip_tracking":false,"_monsterinsights_sitenote_active":false,"_monsterinsights_sitenote_note":"","_monsterinsights_sitenote_category":0,"footnotes":""},"aioseo_notices":[],"_links":{"self":[{"href":"https:\/\/apostolodaeucaristia.pt\/index.php\/wp-json\/wp\/v2\/pages\/831"}],"collection":[{"href":"https:\/\/apostolodaeucaristia.pt\/index.php\/wp-json\/wp\/v2\/pages"}],"about":[{"href":"https:\/\/apostolodaeucaristia.pt\/index.php\/wp-json\/wp\/v2\/types\/page"}],"author":[{"embeddable":true,"href":"https:\/\/apostolodaeucaristia.pt\/index.php\/wp-json\/wp\/v2\/users\/2"}],"replies":[{"embeddable":true,"href":"https:\/\/apostolodaeucaristia.pt\/index.php\/wp-json\/wp\/v2\/comments?post=831"}],"version-history":[{"count":2,"href":"https:\/\/apostolodaeucaristia.pt\/index.php\/wp-json\/wp\/v2\/pages\/831\/revisions"}],"predecessor-version":[{"id":838,"href":"https:\/\/apostolodaeucaristia.pt\/index.php\/wp-json\/wp\/v2\/pages\/831\/revisions\/838"}],"wp:attachment":[{"href":"https:\/\/apostolodaeucaristia.pt\/index.php\/wp-json\/wp\/v2\/media?parent=831"}],"curies":[{"name":"wp","href":"https:\/\/api.w.org\/{rel}","templated":true}]}}