{"id":208,"date":"1997-11-25T17:52:00","date_gmt":"1997-11-25T17:52:00","guid":{"rendered":"https:\/\/apostolodaeucaristia.pt\/?post_type=portfolio&#038;p=208"},"modified":"2024-02-06T19:00:44","modified_gmt":"2024-02-06T19:00:44","slug":"1o-testemunho","status":"publish","type":"portfolio","link":"https:\/\/apostolodaeucaristia.pt\/index.php\/portfolio-item\/1o-testemunho\/","title":{"rendered":"Lisboa"},"content":{"rendered":"\n<h2 class=\"wp-block-heading\"><\/h2>\n\n\n\n<p><\/p>\n\n\n\n<p>Duma pessoa de Lisboa, devidamente identificada, chegou-nos a seguinte carta:<\/p>\n\n\n\n<p>Lisboa, 25\/11\/1997<\/p>\n\n\n\n<p>\u201cVenho por este meio informar que tinha um grave problema familiar e ao ler o Boletim sobre o Pe. Ab\u00edlio pedi-lhe que me ajudasse. A minha ang\u00fastia era grande, pois estava para breve a separa\u00e7\u00e3o da minha esposa. Poucas horas depois j\u00e1 tinha a minha mulher na minha companhia e estava tudo resolvido.<\/p>\n\n\n\n<p>Pe\u00e7o a Deus que a Igreja o canonize, para que as suas virtudes sejam conhecidas, e n\u00f3s possamos beneficiar da sua intercess\u00e3o. Estou certo de que o Pe. Ab\u00edlio me vai continuar a ajudar.\u201d (H.M.F.)<\/p>\n","protected":false},"excerpt":{"rendered":"<p>Duma pessoa de Lisboa, devidamente identificada, chegou-nos a seguinte carta: Lisboa, 25\/11\/1997 \u201cVenho por este meio informar que tinha um grave problema familiar e ao ler o Boletim sobre o Pe. Ab\u00edlio pedi-lhe que me ajudasse. A minha ang\u00fastia era grande, pois estava para breve a separa\u00e7\u00e3o da minha esposa. Poucas horas depois j\u00e1 tinha [&hellip;]<\/p>\n","protected":false},"featured_media":927,"comment_status":"closed","ping_status":"closed","template":"","tags":[],"portfolio_entries":[25],"aioseo_notices":[],"_links":{"self":[{"href":"https:\/\/apostolodaeucaristia.pt\/index.php\/wp-json\/wp\/v2\/portfolio\/208"}],"collection":[{"href":"https:\/\/apostolodaeucaristia.pt\/index.php\/wp-json\/wp\/v2\/portfolio"}],"about":[{"href":"https:\/\/apostolodaeucaristia.pt\/index.php\/wp-json\/wp\/v2\/types\/portfolio"}],"replies":[{"embeddable":true,"href":"https:\/\/apostolodaeucaristia.pt\/index.php\/wp-json\/wp\/v2\/comments?post=208"}],"version-history":[{"count":7,"href":"https:\/\/apostolodaeucaristia.pt\/index.php\/wp-json\/wp\/v2\/portfolio\/208\/revisions"}],"predecessor-version":[{"id":928,"href":"https:\/\/apostolodaeucaristia.pt\/index.php\/wp-json\/wp\/v2\/portfolio\/208\/revisions\/928"}],"wp:featuredmedia":[{"embeddable":true,"href":"https:\/\/apostolodaeucaristia.pt\/index.php\/wp-json\/wp\/v2\/media\/927"}],"wp:attachment":[{"href":"https:\/\/apostolodaeucaristia.pt\/index.php\/wp-json\/wp\/v2\/media?parent=208"}],"wp:term":[{"taxonomy":"post_tag","embeddable":true,"href":"https:\/\/apostolodaeucaristia.pt\/index.php\/wp-json\/wp\/v2\/tags?post=208"},{"taxonomy":"portfolio_entries","embeddable":true,"href":"https:\/\/apostolodaeucaristia.pt\/index.php\/wp-json\/wp\/v2\/portfolio_entries?post=208"}],"curies":[{"name":"wp","href":"https:\/\/api.w.org\/{rel}","templated":true}]}}

<h2 class="wp-block-heading"></h2>



<p></p>



<p>Duma pessoa de Lisboa, devidamente identificada, chegou-nos a seguinte carta:</p>



<p>Lisboa, 25/11/1997</p>



<p>“Venho por este meio informar que tinha um grave problema familiar e ao ler o Boletim sobre o Pe. Abílio pedi-lhe que me ajudasse. A minha angústia era grande, pois estava para breve a separação da minha esposa. Poucas horas depois já tinha a minha mulher na minha companhia e estava tudo resolvido.</p>



<p>Peço a Deus que a Igreja o canonize, para que as suas virtudes sejam conhecidas, e nós possamos beneficiar da sua intercessão. Estou certo de que o Pe. Abílio me vai continuar a ajudar.” (H.M.F.)</p>

<p>Duma pessoa de Lisboa, devidamente identificada, chegou-nos a seguinte carta: Lisboa, 25/11/1997 “Venho por este meio informar que tinha um grave problema familiar e ao ler o Boletim sobre o Pe. Abílio pedi-lhe que me ajudasse. A minha angústia era grande, pois estava para breve a separação da minha esposa. Poucas horas depois já tinha [&hellip;]</p>
