{"id":969,"date":"1998-11-08T13:06:00","date_gmt":"1998-11-08T13:06:00","guid":{"rendered":"https:\/\/apostolodaeucaristia.pt\/?post_type=portfolio&#038;p=969"},"modified":"2024-09-30T13:51:55","modified_gmt":"2024-09-30T13:51:55","slug":"graca-recebida","status":"publish","type":"portfolio","link":"https:\/\/apostolodaeucaristia.pt\/index.php\/portfolio-item\/graca-recebida\/","title":{"rendered":"Gra\u00e7a Recebida"},"content":{"rendered":"\n<p>\u201cA minha esposa estava a sentir-se mal e resolvemos marcar consulta no dia seguinte.<\/p>\n\n\n\n<p>Entretanto rezamos ao Senhor, por interm\u00e9dio do Pe. Ab\u00edlio, e ela retomou a sa\u00fade, encontrando-se agora, em seu estado normal\u201d.<\/p>\n","protected":false},"excerpt":{"rendered":"<p>\u201cA minha esposa estava a sentir-se mal e resolvemos marcar consulta no dia seguinte. Entretanto rezamos ao Senhor, por interm\u00e9dio do Pe. Ab\u00edlio, e ela retomou a sa\u00fade, encontrando-se agora, em seu estado normal\u201d.<\/p>\n","protected":false},"featured_media":981,"comment_status":"open","ping_status":"closed","template":"","tags":[],"portfolio_entries":[25],"aioseo_notices":[],"_links":{"self":[{"href":"https:\/\/apostolodaeucaristia.pt\/index.php\/wp-json\/wp\/v2\/portfolio\/969"}],"collection":[{"href":"https:\/\/apostolodaeucaristia.pt\/index.php\/wp-json\/wp\/v2\/portfolio"}],"about":[{"href":"https:\/\/apostolodaeucaristia.pt\/index.php\/wp-json\/wp\/v2\/types\/portfolio"}],"replies":[{"embeddable":true,"href":"https:\/\/apostolodaeucaristia.pt\/index.php\/wp-json\/wp\/v2\/comments?post=969"}],"version-history":[{"count":1,"href":"https:\/\/apostolodaeucaristia.pt\/index.php\/wp-json\/wp\/v2\/portfolio\/969\/revisions"}],"predecessor-version":[{"id":971,"href":"https:\/\/apostolodaeucaristia.pt\/index.php\/wp-json\/wp\/v2\/portfolio\/969\/revisions\/971"}],"wp:featuredmedia":[{"embeddable":true,"href":"https:\/\/apostolodaeucaristia.pt\/index.php\/wp-json\/wp\/v2\/media\/981"}],"wp:attachment":[{"href":"https:\/\/apostolodaeucaristia.pt\/index.php\/wp-json\/wp\/v2\/media?parent=969"}],"wp:term":[{"taxonomy":"post_tag","embeddable":true,"href":"https:\/\/apostolodaeucaristia.pt\/index.php\/wp-json\/wp\/v2\/tags?post=969"},{"taxonomy":"portfolio_entries","embeddable":true,"href":"https:\/\/apostolodaeucaristia.pt\/index.php\/wp-json\/wp\/v2\/portfolio_entries?post=969"}],"curies":[{"name":"wp","href":"https:\/\/api.w.org\/{rel}","templated":true}]}}

Graça Recebida

<p>“A minha esposa estava a sentir-se mal e resolvemos marcar consulta no dia seguinte.</p>



<p>Entretanto rezamos ao Senhor, por intermédio do Pe. Abílio, e ela retomou a saúde, encontrando-se agora, em seu estado normal”.</p>

<p>“A minha esposa estava a sentir-se mal e resolvemos marcar consulta no dia seguinte. Entretanto rezamos ao Senhor, por intermédio do Pe. Abílio, e ela retomou a saúde, encontrando-se agora, em seu estado normal”.</p>
